0, 2*l - 429*r - 10765 = -434*r. What is the highest common divisor of l and 260?
65
Suppose -7055 = -55*m + 7905. Calculate the greatest common divisor of 51 and m.
17
Let x be (-7)/(4807/2415 - (-1 + 3)). Suppose -x = 33*m - 40*m. Calculate the highest common divisor of 140 and m.
35
Let h = 68894 + -47941. What is the highest common factor of 23 and h?
23
Let a = 36 - -474. Suppose 518*f - 256 = a*f. Calculate the greatest common factor of f and 4.
4
Let j(s) = 34*s**2 + 36*s + 39. Let w be j(6). What is the highest common factor of 204 and w?
51
Let m(c) = 26*c**3 - c**2 - 8*c - 27*c**3 - 16 + 2*c**2 - 5*c**2. Let n be m(-5). Suppose 2*b - 19 = n. Calculate the highest common divisor of 85 and b.
17
Let c be (-4)/(-6) + 19404/54. Suppose 3*k = -2*v + 529, 5*k + 5*v = 3*k + c. Let b be (k/14)/((-1)/(-8)). Calculate the greatest common divisor of b and 20.
20
Let f = -58 - -59. Let r be (-122)/(-12) + f/(-6). Let z be 195/r*(5 + 1). What is the highest common divisor of z and 39?
39
Let k(t) = 16*t**2 - 10*t - 63. Let n be k(-4). Suppose g - 236 = -n. Calculate the greatest common divisor of 3 and g.
3
Let h be 25/3*3/5. Suppose -2*x - 4 = 0, 36 - 148 = -h*u - 4*x. What is the greatest common divisor of 216 and u?
24
Let a = 196 + -171. Suppose -21*z + a*z - 224 = 0. Calculate the greatest common factor of 56 and z.
56
Let z(x) = -x**2 + x + 197. Let h = 612 + -625. Let s be z(h). Calculate the highest common divisor of 795 and s.
15
Let m = 2682 + -2632. Calculate the highest common divisor of m and 800.
50
Let s(d) = 2*d**2 - 11. Let z be s(3). Suppose -z*t = -8*t + 10. Suppose x - 17 = m + t, 3*x - 105 = -5*m. Calculate the highest common divisor of x and 90.
30
Suppose 31*b - 30*b = 2*k + 35, 2*k - 170 = -4*b. Calculate the highest common divisor of 4 and b.
1
Let w be 18829/(-513)*-9 - (-2)/(-6). Calculate the greatest common factor of 517 and w.
11
Let y be (-73916)/(-14) - ((-110)/88)/((-105)/(-24)). Calculate the greatest common factor of 36 and y.
12
Let d = -10389 - -11358. Calculate the greatest common factor of d and 408.
51
Let g be 2/(2/(-27)*-3). Suppose 6255*l - 1269 = 6252*l. What is the highest common factor of g and l?
9
Let k = 92 + -51. Suppose 27 = -k*j + 38*j. Let g be j/(-2 - 26/(-16)). Calculate the highest common factor of g and 24.
24
Let v(g) = -19*g - 17. Let b = 47 + -48. Let q be (0 - b)*(1 + -6). Let l be v(q). What is the greatest common factor of 26 and l?
26
Let w(r) = -r**3 + 2*r**2 - 4*r + 5. Let l be w(0). Suppose 0*k - l*a = -3*k + 202, -4*a + 73 = k. What is the greatest common factor of 46 and k?
23
Let b(n) = 327*n**2 - 71*n - 70. Let s be b(-1). What is the greatest common divisor of 1394 and s?
82
Suppose 9*l - 1234 = 7*l - 2*f, 0 = 5*l - 11*f - 3133. What is the greatest common divisor of 1220 and l?
20
Suppose -184*k - 2959 = -3167 - 4944. Let b be 5/((-30)/4)*-30. Calculate the greatest common factor of k and b.
4
Suppose -153*g = -79*g - 80*g + 3264. Calculate the highest common factor of g and 68.
68
Let k(t) = 34*t - 5. Let u be k(2). Let q = u + 17. Suppose -3*o - 45 = 4*y - 116, -5*y + 106 = -2*o. Calculate the highest common factor of y and q.
20
Let y = 804 + 230. Suppose 0 = -3*j - y + 3914. What is the highest common factor of j and 60?
60
Let h(q) = -3*q**2 - 15*q - 65. Let k(y) = -y**2 - 2*y + 2. Let l(r) = -h(r) + 4*k(r). Let d be l(11). What is the greatest common factor of 1 and d?
1
Let d(f) = 5*f + 6. Let m be d(-6). Let n be (-188)/(-10)*(-60)/m. Suppose -x + 5*x = h + n, -x + 11 = -h. Calculate the greatest common divisor of 96 and x.
12
Let m(x) = -13*x + 7*x**2 + 1 - 8*x + 23*x. Let b be m(-3). Let p = b - 54. Calculate the highest common divisor of p and 16.
4
Let r = 51 + -46. Suppose i - 3*c = -1420, r*i - 7*i - 5*c = 2895. Let j be 2/(-7) + (-8)/(392/i). What is the greatest common divisor of 290 and j?
29
Let t = -98 - -373. Suppose -i - 279 = -5*m, -3*m + 125 = 3*i - 28. Calculate the highest common factor of t and m.
55
Let f be 152/(-19) - (-43 - (-1)/(-1)). Suppose 2*v - 2 = -3*v - 2*j, -14 = v + 4*j. Suppose -v*k = k - 12. What is the greatest common divisor of k and f?
4
Let i = -58 + 93. Let d(p) = p**3 + 7*p**2 + 5*p - 5. Let c be d(-6). Suppose c + 9 = 2*l. Calculate the highest common divisor of i and l.
5
Let f(n) = 9*n**2 + 25*n - 144. Let g = -183 - -189. Let p be f(g). What is the greatest common divisor of p and 198?
66
Suppose -5*u + 81 = -98*m + 99*m, -5*m + 4*u + 492 = 0. What is the highest common divisor of m and 2352?
48
Let x be (8/24 - 4/(-6)) + 20. Suppose 0 = 3*m + 5*j - 235, -2*j - 301 = -4*m + x. Calculate the highest common factor of 60 and m.
20
Let s be 294/10 - (-4)/(-10). Let z(m) = m + 215. Let q be ((-2)/4)/(10/240). Let t be z(q). Calculate the highest common factor of t and s.
29
Let k be 0 + 793 + -50 + 38. Calculate the greatest common factor of 2698 and k.
71
Let g(c) = 3*c**2 - 5*c - 9. Let h be g(3). Suppose h*r + 3*q - 3972 = 0, 4*q - 4 = 12. Calculate the greatest common factor of 60 and r.
60
Suppose 4*b - 195 = -9*b. Let i be 744/(2 - -1) - -4. Suppose 5*y + 41 = p - 34, -4*y - i = -4*p. What is the greatest common divisor of b and p?
15
Suppose -3*f = 5*t + 179 - 1094, 0 = 3*t + 3*f - 555. Suppose -195*a + 15 = -t*a. Calculate the greatest common factor of a and 93.
1
Let y = 2119 - 2056. Let u = 9 + 18. Calculate the highest common divisor of y and u.
9
Let t be (2 + (-2 - 2))*27/(-18). Suppose -1 = -t*s - 10, 3*s + 72 = f. Calculate the greatest common factor of 9 and f.
9
Suppose -22*q - 57161 = -287*q + 108199. Calculate the highest common factor of q and 1768.
104
Let i = 2173 - 1873. Calculate the highest common divisor of 1300 and i.
100
Let i = 1953 - 1214. Suppose 0 = 4*x - i - 237. What is the greatest common divisor of 4 and x?
4
Suppose 4*t = 3*t + 25. Suppose -17*i - 3300 = 35*i - 64*i. Calculate the highest common factor of i and t.
25
Suppose -41*z = -47*z - 4080. Let k = z + 1052. What is the highest common factor of k and 24?
12
Let q = 77 - 54. Suppose -954*u + 114885 = -819*u. What is the greatest common divisor of q and u?
23
Let b be (-456666)/(-581)*6/4. Calculate the highest common divisor of b and 36.
9
Let v(r) = -r**3 + 5*r**2 + r - 12. Let d be v(4). Let s = d + -5. Suppose k = -s + 7, 3*a - 1319 = k. Calculate the highest common factor of 49 and a.
49
Suppose 1360 = 3*t - 9*w + 14*w, -2*t = -5*w - 915. Calculate the highest common factor of 35 and t.
35
Let x(i) be the second derivative of -9*i**3/2 + 29*i**2/2 + 27*i. Let u be x(6). Let l = u - -241. What is the greatest common divisor of l and 18?
18
Suppose -8904 = -73*p - 139*p. Calculate the highest common divisor of 231 and p.
21
Let q be 3/15*-2*5/(-1). Suppose x - m + 71 = -3*m, 2*x - q*m + 130 = 0. Let a = 123 + x. What is the highest common factor of 7 and a?
7
Let k = 57 - 13. Suppose 9 = g + 16*u - 15*u, 3*u = -6. Calculate the highest common divisor of k and g.
11
Suppose -4*b + 5*x = -466, -20*b + 15*b = 2*x - 566. Suppose 3*j - 5*c - 81 = -2*c, -c = 5*j - 117. What is the greatest common divisor of j and b?
6
Let v = 41 - 35. Suppose 2*d + d = v. Let s be 402/18 - (-1)/(-3). Calculate the greatest common factor of d and s.
2
Let m = 43 - 46. Let t be (m + 5)*(1 + 2). Calculate the highest common factor of t and 48.
6
Let v(c) = 55*c. Let a be v(2). Let l(k) = 4*k**3 + k**2 + 13*k + 18. Let p be l(-3). Let j be 133/(-38)*p/42. Calculate the highest common divisor of j and a.
10
Let m = -59 + 76. Calculate the greatest common factor of 5 and m.
1
Suppose -26*c - 121*c = -516852. What is the highest common factor of c and 24?
12
Let o(x) = x**3 - 13*x**2 + 2. Let i be o(13). Let h = 123 + -123. Suppose h = 4*m, 5*m - 8 = -i*p + 4*m. What is the greatest common factor of p and 16?
4
Suppose -5*k + m + 902 = 0, -3*m - 6 = -5*m. Suppose 192*s - 924 = k*s. What is the greatest common divisor of 56 and s?
28
Let p be (-6650)/(-6) + (-18)/(-27). Suppose 6*t - p = 3007. Calculate the greatest common divisor of 14 and t.
14
Suppose 159*a + 1 = 160*a, -3*k - 5*a = -7301. Calculate the highest common factor of k and 266.
38
Let j(s) = -26*s - 112. Let b be j(-8). Suppose 72 = -0*g + g. What is the highest common divisor of b and g?
24
Let c(